{"id":906,"date":"2023-12-12T09:52:56","date_gmt":"2023-12-12T08:52:56","guid":{"rendered":"https:\/\/voix-des-sens.fr\/?page_id=906"},"modified":"2024-03-02T16:03:11","modified_gmt":"2024-03-02T15:03:11","slug":"politique-de-confidentialite-2","status":"publish","type":"page","link":"https:\/\/voix-des-sens.fr\/index.php\/politique-de-confidentialite-2\/","title":{"rendered":"Politique de Confidentialit\u00e9"},"content":{"rendered":"\n<p>Cette politique de confidentialit\u00e9 s\u2019applique au site :&nbsp;<a href=\"https:\/\/voix-des-sens.fr\/\">https:\/\/voix-des-sens.fr\/<\/a><br>Elle a \u00e9t\u00e9 mis \u00e0 jour le :&nbsp;<em>01\/01\/2024<\/em><\/p>\n\n\n\n<p>Dans le cadre de son activit\u00e9, la soci\u00e9t\u00e9&nbsp;<strong>MARION PIETRZAK &#8211; VOIX DES SENS<\/strong>, dont le si\u00e8ge social est situ\u00e9 au&nbsp;<em>47 la grange \u00e0 l&rsquo;abb\u00e9 44140 GENESTON<\/em>, est amen\u00e9e \u00e0 collecter et \u00e0 traiter des informations dont certaines sont qualifi\u00e9es de \u00ab&nbsp;donn\u00e9es personnelles&nbsp;\u00bb. La&nbsp;soci\u00e9t\u00e9&nbsp;<strong>MARION PIETRZAK &#8211; VOIX DES SENS<\/strong>&nbsp;attache une grande importance au respect de la vie priv\u00e9e, et n\u2019utilise que des donn\u00e9es de mani\u00e8re responsable et confidentielle et dans une finalit\u00e9 pr\u00e9cise.<\/p>\n\n\n\n<h2 class=\"wp-block-heading\">1. Donn\u00e9es Personnelles.<\/h2>\n\n\n\n<p>Sur le site web&nbsp;<a href=\"https:\/\/voix-des-sens.fr\/\"><\/a><a href=\"https:\/\/voix-des-sens.fr\/\">https:\/\/voix-des-sens.fr\/<\/a>, il y a 2 types de donn\u00e9es susceptibles d\u2019\u00eatre recueillies :<\/p>\n\n\n\n<p><strong>Les donn\u00e9es transmises directement<\/strong><br>Ces donn\u00e9es sont celles que vous nous transmettez directement, via un formulaire de contact ou bien par contact direct par email. Sont obligatoires dans le formulaire de contact les champs \u00ab Pr\u00e9nom, Nom \u00bb, \u00ab Num\u00e9ro de t\u00e9l\u00e9phone \u00bb et \u00ab Adresse Email \u00bb.<\/p>\n\n\n\n<h2 class=\"wp-block-heading\">2. Base L\u00e9gale<\/h2>\n\n\n\n<p>Les donn\u00e9es personnelles ne sont collect\u00e9es qu\u2019apr\u00e8s consentement obligatoire de l\u2019utilisateur. Ce consentement est valablement recueilli (boutons et cases \u00e0 cocher), libre, clair et sans \u00e9quivoque.<\/p>\n\n\n\n<h2 class=\"wp-block-heading\">3. Dur\u00e9e de conservation<\/h2>\n\n\n\n<p>Les donn\u00e9es seront sauvegard\u00e9es durant une dur\u00e9e maximale de 3 ans.<\/p>\n\n\n\n<h2 class=\"wp-block-heading\">4. Liste des cookies<\/h2>\n\n\n\n<p>Voici la liste des cookies utilis\u00e9es et leur objectif.<\/p>\n\n\n\n<p><strong>Cookies n\u00e9cessaires<\/strong><br>Ce sont des cookies qui nous permettent d\u2019\u00eatre en mesure de vous proposer un bon fonctionnement du site web, et qui vous permettent de faire usage des services que nous fournissons. Si ceux-ci sont bloqu\u00e9s, vous ne serez pas en mesure d\u2019utiliser notre site web.<\/p>\n\n\n\n<p><strong>Nom des cookies :<\/strong>&nbsp;cookieconsent_status<br><strong>Objectif :<\/strong>&nbsp;Permet de recueillir votre choix concernant l\u2019utilisation de cookies sur notre site.<br><strong>Dur\u00e9e de validit\u00e9 :<\/strong>&nbsp;Expire apr\u00e8s 1 an par d\u00e9faut.<\/p>\n\n\n\n<h2 class=\"wp-block-heading\">5. Opposition aux cookies<\/h2>\n\n\n\n<p>Le refus d\u2019installation d\u2019un cookie peut entra\u00eener l\u2019impossibilit\u00e9 d\u2019acc\u00e9der \u00e0 certains services. L\u2019utilisateur peut toutefois configurer son ordinateur de la mani\u00e8re suivante, pour refuser l\u2019installation des cookies :<\/p>\n\n\n\n<p><strong>Sous Internet Explorer :<\/strong>&nbsp;onglet outil (pictogramme en forme de rouage en haut a droite) \/ options internet. Cliquez sur Confidentialit\u00e9 et choisissez Bloquer tous les cookies. Validez sur Ok.<\/p>\n\n\n\n<p><strong>Sous Firefox :<\/strong>&nbsp;en haut de la fen\u00eatre du navigateur, cliquez sur le bouton Firefox, puis aller dans l\u2019onglet Options. Cliquer sur l\u2019onglet Vie priv\u00e9e.<br>Param\u00e9trez les R\u00e8gles de conservation sur : utiliser les param\u00e8tres personnalis\u00e9s pour l\u2019historique. Enfin d\u00e9cochez-la pour d\u00e9sactiver les cookies.<\/p>\n\n\n\n<p><strong>Sous Safari :<\/strong>&nbsp;Cliquez en haut \u00e0 droite du navigateur sur le pictogramme de menu (symbolis\u00e9 par un rouage). S\u00e9lectionnez Param\u00e8tres. Cliquez sur Afficher les param\u00e8tres avanc\u00e9s. Dans la section \u00ab Confidentialit\u00e9 \u00bb, cliquez sur Param\u00e8tres de contenu. Dans la section \u00ab Cookies \u00bb, vous pouvez bloquer les cookies.<\/p>\n\n\n\n<p><strong>Sous Chrome :<\/strong>&nbsp;Cliquez en haut \u00e0 droite du navigateur sur le pictogramme de menu (symbolis\u00e9 par trois lignes horizontales). S\u00e9lectionnez Param\u00e8tres. Cliquez sur Afficher les param\u00e8tres avanc\u00e9s. Dans la section \u00ab Confidentialit\u00e9 \u00bb, cliquez sur pr\u00e9f\u00e9rences. Dans l\u2019onglet \u00ab Confidentialit\u00e9 \u00bb, vous pouvez bloquer les cookies.<\/p>\n\n\n\n<h2 class=\"wp-block-heading\">6. Droits de l\u2019utilisateur<\/h2>\n\n\n\n<p>L\u2019utilisateur poss\u00e8de le droit de prendre connaissance, de mettre \u00e0 jour, de modifier ou de supprimer les renseignements qui le concernent.<\/p>\n\n\n\n<p>Pour cela, l\u2019utilisateur peut contacter la&nbsp;<strong>MARION PIETRZAK &#8211; VOIX DES SENS<\/strong>&nbsp;par email :&nbsp;<a href=\"https:\/\/voix-des-sens.fr\/index.php\/me-contacter\/\" data-type=\"link\" data-id=\"contact@voix-des-sens.fr\">contact@voix-des-sens.fr<\/a>&nbsp;en pr\u00e9cisant l\u2019objet de sa demande.<\/p>\n\n\n\n<h2 class=\"wp-block-heading\">7. Contact d\u00e9l\u00e9gu\u00e9 \u00e0 la protection des donn\u00e9es<\/h2>\n\n\n\n<p><strong>MARION PIETRZAK &#8211; VOIX DES SENS<\/strong>&nbsp;par email :&nbsp;<a href=\"https:\/\/voix-des-sens.fr\/index.php\/me-contacter\/\" data-type=\"link\" data-id=\"contact@voix-des-sens.fr\">contact@voix-des-sens.fr<\/a><\/p>\n\n\n\n<h2 class=\"wp-block-heading\">8. Conditions de modification de la Politique de Confidentialit\u00e9<\/h2>\n\n\n\n<p><strong><strong>MARION PIETRZAK &#8211; VOIX DES SENS<\/strong><\/strong>&nbsp;se r\u00e9verve le droit de la modifier afin de garantir sa conformit\u00e9 avec le droit en vigueur.<\/p>\n\n\n\n<p>Par cons\u00e9quent, l\u2019utilisateur est invit\u00e9 \u00e0 venir consulter r\u00e9guli\u00e8rement cette politique de confidentialit\u00e9 afin de se tenir inform\u00e9 des derniers changements qui lui seront apport\u00e9s.<\/p>\n\n\n\n<p><\/p>\n","protected":false},"excerpt":{"rendered":"<p>Cette politique de confidentialit\u00e9 s\u2019applique au site :&nbsp;https:\/\/voix-des-sens.fr\/Elle a \u00e9t\u00e9 mis \u00e0 jour le :&nbsp;01\/01\/2024 Dans le cadre de son activit\u00e9, la soci\u00e9t\u00e9&nbsp;MARION PIETRZAK &#8211; VOIX DES SENS, dont le si\u00e8ge social est situ\u00e9 au&nbsp;47 la grange \u00e0 l&rsquo;abb\u00e9 44140 GENESTON, est amen\u00e9e \u00e0 collecter et \u00e0 traiter des informations dont certaines sont qualifi\u00e9es de&hellip;&nbsp;<a href=\"https:\/\/voix-des-sens.fr\/index.php\/politique-de-confidentialite-2\/\" class=\"\" rel=\"bookmark\">Lire la suite &raquo;<span class=\"screen-reader-text\">Politique de Confidentialit\u00e9<\/span><\/a><\/p>\n","protected":false},"author":1,"featured_media":0,"parent":0,"menu_order":0,"comment_status":"closed","ping_status":"closed","template":"","meta":{"neve_meta_sidebar":"","neve_meta_container":"","neve_meta_enable_content_width":"","neve_meta_content_width":0,"neve_meta_title_alignment":"","neve_meta_author_avatar":"","neve_post_elements_order":"","neve_meta_disable_header":"","neve_meta_disable_footer":"","neve_meta_disable_title":"off","footnotes":""},"class_list":["post-906","page","type-page","status-publish","hentry"],"yoast_head":"<!-- This site is optimized with the Yoast SEO plugin v26.8 - https:\/\/yoast.com\/product\/yoast-seo-wordpress\/ -->\n<title>Politique de Confidentialit\u00e9 - VOIX DES SENS<\/title>\n<meta name=\"robots\" content=\"index, follow, max-snippet:-1, max-image-preview:large, max-video-preview:-1\" \/>\n<link rel=\"canonical\" href=\"https:\/\/voix-des-sens.fr\/index.php\/politique-de-confidentialite-2\/\" \/>\n<meta property=\"og:locale\" content=\"fr_FR\" \/>\n<meta property=\"og:type\" content=\"article\" \/>\n<meta property=\"og:title\" content=\"Politique de Confidentialit\u00e9 - VOIX DES SENS\" \/>\n<meta property=\"og:description\" content=\"Cette politique de confidentialit\u00e9 s\u2019applique au site :&nbsp;https:\/\/voix-des-sens.fr\/Elle a \u00e9t\u00e9 mis \u00e0 jour le :&nbsp;01\/01\/2024 Dans le cadre de son activit\u00e9, la soci\u00e9t\u00e9&nbsp;MARION PIETRZAK &#8211; VOIX DES SENS, dont le si\u00e8ge social est situ\u00e9 au&nbsp;47 la grange \u00e0 l&rsquo;abb\u00e9 44140 GENESTON, est amen\u00e9e \u00e0 collecter et \u00e0 traiter des informations dont certaines sont qualifi\u00e9es de&hellip;&nbsp;Lire la suite &raquo;Politique de Confidentialit\u00e9\" \/>\n<meta property=\"og:url\" content=\"https:\/\/voix-des-sens.fr\/index.php\/politique-de-confidentialite-2\/\" \/>\n<meta property=\"og:site_name\" content=\"VOIX DES SENS\" \/>\n<meta property=\"article:publisher\" content=\"https:\/\/www.facebook.com\/profile.php?viewas=100000686899395&amp;id=61556635996207\" \/>\n<meta property=\"article:modified_time\" content=\"2024-03-02T15:03:11+00:00\" \/>\n<meta name=\"twitter:card\" content=\"summary_large_image\" \/>\n<meta name=\"twitter:label1\" content=\"Dur\u00e9e de lecture estim\u00e9e\" \/>\n\t<meta name=\"twitter:data1\" content=\"3 minutes\" \/>\n<script type=\"application\/ld+json\" class=\"yoast-schema-graph\">{\"@context\":\"https:\/\/schema.org\",\"@graph\":[{\"@type\":\"WebPage\",\"@id\":\"https:\/\/voix-des-sens.fr\/index.php\/politique-de-confidentialite-2\/\",\"url\":\"https:\/\/voix-des-sens.fr\/index.php\/politique-de-confidentialite-2\/\",\"name\":\"Politique de Confidentialit\u00e9 - VOIX DES SENS\",\"isPartOf\":{\"@id\":\"https:\/\/voix-des-sens.fr\/#website\"},\"datePublished\":\"2023-12-12T08:52:56+00:00\",\"dateModified\":\"2024-03-02T15:03:11+00:00\",\"inLanguage\":\"fr-FR\",\"potentialAction\":[{\"@type\":\"ReadAction\",\"target\":[\"https:\/\/voix-des-sens.fr\/index.php\/politique-de-confidentialite-2\/\"]}]},{\"@type\":\"WebSite\",\"@id\":\"https:\/\/voix-des-sens.fr\/#website\",\"url\":\"https:\/\/voix-des-sens.fr\/\",\"name\":\"VOIX DES SENS\",\"description\":\"\",\"publisher\":{\"@id\":\"https:\/\/voix-des-sens.fr\/#organization\"},\"potentialAction\":[{\"@type\":\"SearchAction\",\"target\":{\"@type\":\"EntryPoint\",\"urlTemplate\":\"https:\/\/voix-des-sens.fr\/?s={search_term_string}\"},\"query-input\":{\"@type\":\"PropertyValueSpecification\",\"valueRequired\":true,\"valueName\":\"search_term_string\"}}],\"inLanguage\":\"fr-FR\"},{\"@type\":\"Organization\",\"@id\":\"https:\/\/voix-des-sens.fr\/#organization\",\"name\":\"VOIX DES SENS\",\"url\":\"https:\/\/voix-des-sens.fr\/\",\"logo\":{\"@type\":\"ImageObject\",\"inLanguage\":\"fr-FR\",\"@id\":\"https:\/\/voix-des-sens.fr\/#\/schema\/logo\/image\/\",\"url\":\"https:\/\/voix-des-sens.fr\/wp-content\/uploads\/2024\/03\/logo_logo-horizontal-baseline-rose-fonce-2.png\",\"contentUrl\":\"https:\/\/voix-des-sens.fr\/wp-content\/uploads\/2024\/03\/logo_logo-horizontal-baseline-rose-fonce-2.png\",\"width\":1334,\"height\":1042,\"caption\":\"VOIX DES SENS\"},\"image\":{\"@id\":\"https:\/\/voix-des-sens.fr\/#\/schema\/logo\/image\/\"},\"sameAs\":[\"https:\/\/www.facebook.com\/profile.php?viewas=100000686899395&id=61556635996207\",\"https:\/\/www.instagram.com\/voix.des.sens\/?utm_source=qr&igshid=MThlNWY1MzQwNA\"]}]}<\/script>\n<!-- \/ Yoast SEO plugin. -->","yoast_head_json":{"title":"Politique de Confidentialit\u00e9 - VOIX DES SENS","robots":{"index":"index","follow":"follow","max-snippet":"max-snippet:-1","max-image-preview":"max-image-preview:large","max-video-preview":"max-video-preview:-1"},"canonical":"https:\/\/voix-des-sens.fr\/index.php\/politique-de-confidentialite-2\/","og_locale":"fr_FR","og_type":"article","og_title":"Politique de Confidentialit\u00e9 - VOIX DES SENS","og_description":"Cette politique de confidentialit\u00e9 s\u2019applique au site :&nbsp;https:\/\/voix-des-sens.fr\/Elle a \u00e9t\u00e9 mis \u00e0 jour le :&nbsp;01\/01\/2024 Dans le cadre de son activit\u00e9, la soci\u00e9t\u00e9&nbsp;MARION PIETRZAK &#8211; VOIX DES SENS, dont le si\u00e8ge social est situ\u00e9 au&nbsp;47 la grange \u00e0 l&rsquo;abb\u00e9 44140 GENESTON, est amen\u00e9e \u00e0 collecter et \u00e0 traiter des informations dont certaines sont qualifi\u00e9es de&hellip;&nbsp;Lire la suite &raquo;Politique de Confidentialit\u00e9","og_url":"https:\/\/voix-des-sens.fr\/index.php\/politique-de-confidentialite-2\/","og_site_name":"VOIX DES SENS","article_publisher":"https:\/\/www.facebook.com\/profile.php?viewas=100000686899395&id=61556635996207","article_modified_time":"2024-03-02T15:03:11+00:00","twitter_card":"summary_large_image","twitter_misc":{"Dur\u00e9e de lecture estim\u00e9e":"3 minutes"},"schema":{"@context":"https:\/\/schema.org","@graph":[{"@type":"WebPage","@id":"https:\/\/voix-des-sens.fr\/index.php\/politique-de-confidentialite-2\/","url":"https:\/\/voix-des-sens.fr\/index.php\/politique-de-confidentialite-2\/","name":"Politique de Confidentialit\u00e9 - VOIX DES SENS","isPartOf":{"@id":"https:\/\/voix-des-sens.fr\/#website"},"datePublished":"2023-12-12T08:52:56+00:00","dateModified":"2024-03-02T15:03:11+00:00","inLanguage":"fr-FR","potentialAction":[{"@type":"ReadAction","target":["https:\/\/voix-des-sens.fr\/index.php\/politique-de-confidentialite-2\/"]}]},{"@type":"WebSite","@id":"https:\/\/voix-des-sens.fr\/#website","url":"https:\/\/voix-des-sens.fr\/","name":"VOIX DES SENS","description":"","publisher":{"@id":"https:\/\/voix-des-sens.fr\/#organization"},"potentialAction":[{"@type":"SearchAction","target":{"@type":"EntryPoint","urlTemplate":"https:\/\/voix-des-sens.fr\/?s={search_term_string}"},"query-input":{"@type":"PropertyValueSpecification","valueRequired":true,"valueName":"search_term_string"}}],"inLanguage":"fr-FR"},{"@type":"Organization","@id":"https:\/\/voix-des-sens.fr\/#organization","name":"VOIX DES SENS","url":"https:\/\/voix-des-sens.fr\/","logo":{"@type":"ImageObject","inLanguage":"fr-FR","@id":"https:\/\/voix-des-sens.fr\/#\/schema\/logo\/image\/","url":"https:\/\/voix-des-sens.fr\/wp-content\/uploads\/2024\/03\/logo_logo-horizontal-baseline-rose-fonce-2.png","contentUrl":"https:\/\/voix-des-sens.fr\/wp-content\/uploads\/2024\/03\/logo_logo-horizontal-baseline-rose-fonce-2.png","width":1334,"height":1042,"caption":"VOIX DES SENS"},"image":{"@id":"https:\/\/voix-des-sens.fr\/#\/schema\/logo\/image\/"},"sameAs":["https:\/\/www.facebook.com\/profile.php?viewas=100000686899395&id=61556635996207","https:\/\/www.instagram.com\/voix.des.sens\/?utm_source=qr&igshid=MThlNWY1MzQwNA"]}]}},"_links":{"self":[{"href":"https:\/\/voix-des-sens.fr\/index.php\/wp-json\/wp\/v2\/pages\/906","targetHints":{"allow":["GET"]}}],"collection":[{"href":"https:\/\/voix-des-sens.fr\/index.php\/wp-json\/wp\/v2\/pages"}],"about":[{"href":"https:\/\/voix-des-sens.fr\/index.php\/wp-json\/wp\/v2\/types\/page"}],"author":[{"embeddable":true,"href":"https:\/\/voix-des-sens.fr\/index.php\/wp-json\/wp\/v2\/users\/1"}],"replies":[{"embeddable":true,"href":"https:\/\/voix-des-sens.fr\/index.php\/wp-json\/wp\/v2\/comments?post=906"}],"version-history":[{"count":4,"href":"https:\/\/voix-des-sens.fr\/index.php\/wp-json\/wp\/v2\/pages\/906\/revisions"}],"predecessor-version":[{"id":2272,"href":"https:\/\/voix-des-sens.fr\/index.php\/wp-json\/wp\/v2\/pages\/906\/revisions\/2272"}],"wp:attachment":[{"href":"https:\/\/voix-des-sens.fr\/index.php\/wp-json\/wp\/v2\/media?parent=906"}],"curies":[{"name":"wp","href":"https:\/\/api.w.org\/{rel}","templated":true}]}}