{"id":6678,"date":"2025-12-17T14:52:04","date_gmt":"2025-12-17T13:52:04","guid":{"rendered":"https:\/\/voix-des-sens.fr\/?page_id=6678"},"modified":"2026-03-05T15:52:36","modified_gmt":"2026-03-05T14:52:36","slug":"sophrologie-bebe-sommeil","status":"publish","type":"page","link":"https:\/\/voix-des-sens.fr\/index.php\/sophrologie-bebe-sommeil\/","title":{"rendered":"Sophrologie pour mamans et nourrissons : apaiser b\u00e9b\u00e9 et retrouver un sommeil plus serein"},"content":{"rendered":"\n<h1 class=\"wp-block-heading has-text-align-center\"><strong>Sophrologie pour mamans et nourrissons : apaiser b\u00e9b\u00e9 et retrouver un sommeil plus serein<\/strong><\/h1>\n\n\n<div class=\"wp-block-image\">\n<figure class=\"aligncenter size-large is-resized\"><img loading=\"lazy\" decoding=\"async\" width=\"683\" height=\"1024\" src=\"https:\/\/voix-des-sens.fr\/wp-content\/uploads\/2025\/12\/MARION-PIETRZAK-SOPHROLOGUE-VOIX-DES-SENS-GENESTON-52-683x1024.jpg\" alt=\"marion pietrzak sophrologue voix des sens geneston - sophrologie b\u00e9b\u00e9 sommeil\" class=\"wp-image-6679\" style=\"width:266px;height:auto\" srcset=\"https:\/\/voix-des-sens.fr\/wp-content\/uploads\/2025\/12\/MARION-PIETRZAK-SOPHROLOGUE-VOIX-DES-SENS-GENESTON-52-683x1024.jpg 683w, https:\/\/voix-des-sens.fr\/wp-content\/uploads\/2025\/12\/MARION-PIETRZAK-SOPHROLOGUE-VOIX-DES-SENS-GENESTON-52-200x300.jpg 200w, https:\/\/voix-des-sens.fr\/wp-content\/uploads\/2025\/12\/MARION-PIETRZAK-SOPHROLOGUE-VOIX-DES-SENS-GENESTON-52-768x1152.jpg 768w, https:\/\/voix-des-sens.fr\/wp-content\/uploads\/2025\/12\/MARION-PIETRZAK-SOPHROLOGUE-VOIX-DES-SENS-GENESTON-52-1024x1536.jpg 1024w, https:\/\/voix-des-sens.fr\/wp-content\/uploads\/2025\/12\/MARION-PIETRZAK-SOPHROLOGUE-VOIX-DES-SENS-GENESTON-52-1365x2048.jpg 1365w, https:\/\/voix-des-sens.fr\/wp-content\/uploads\/2025\/12\/MARION-PIETRZAK-SOPHROLOGUE-VOIX-DES-SENS-GENESTON-52-scaled.jpg 1707w\" sizes=\"auto, (max-width: 683px) 100vw, 683px\" \/><\/figure>\n<\/div>\n\n\n<div style=\"height:39px\" aria-hidden=\"true\" class=\"wp-block-spacer\"><\/div>\n\n\n\n<p>La sophrologie ne s\u2019adresse pas directement au b\u00e9b\u00e9, mais <strong>\u00e0 la maman (ou au parent) <a href=\"https:\/\/voix-des-sens.fr\/index.php\/la-sophrologie-avec-bebe\/\">en pr\u00e9sence de son nourrisson<\/a><\/strong>, dans un cadre bienveillant et respectueux du rythme de chacun. Cette approche vise \u00e0 <strong>favoriser l\u2019apaisement du parent<\/strong>, d\u00e9velopper <strong>une pr\u00e9sence sereine<\/strong>, et <strong>installer une ambiance douce et s\u00e9curisante<\/strong> autour du b\u00e9b\u00e9 et de son sommeil.<\/p>\n\n\n\n<div class=\"wp-block-cover has-neve-link-color-color has-text-color has-link-color wp-elements-3bf7a39b39a470cf6b3e6d29eccf0544\" style=\"min-height:243px;aspect-ratio:unset;\"><span aria-hidden=\"true\" class=\"wp-block-cover__background has-custom-2-background-color has-background-dim-100 has-background-dim\"><\/span><div class=\"wp-block-cover__inner-container is-layout-constrained wp-block-cover-is-layout-constrained\">\n<div class=\"wp-block-group is-vertical is-layout-flex wp-container-core-group-is-layout-8cf370e7 wp-block-group-is-layout-flex\">\n<h2 class=\"wp-block-heading has-text-align-center has-neve-link-color-color has-text-color has-link-color wp-elements-e9c9d32802d95467a015c0448af27ff7\"><strong>essentiel de l\u2019article<\/strong><\/h2>\n\n\n\n<ul class=\"wp-block-list\">\n<li class=\"has-neve-link-color-color has-text-color has-link-color wp-elements-033455a21e0b71eb4e5c6ededa243abf\"><a href=\"#seance\">La sophrologie n\u2019est pas pratiqu\u00e9e directement sur le b\u00e9b\u00e9, mais <strong>avec la maman (ou le parent) en pr\u00e9sence du nourrisson<\/strong>.<\/a><\/li>\n\n\n\n<li><a href=\"#benefices\">L\u2019accompagnement vise avant tout <strong>l\u2019apaisement du parent<\/strong>, qui influence naturellement le bien-\u00eatre du b\u00e9b\u00e9.<\/a><\/li>\n\n\n\n<li class=\"has-neve-link-color-color has-text-color has-link-color wp-elements-9f91c8f2e0633f04df8b18498577a3d0\"><a href=\"#enfants\">Les s\u00e9ances de sophrologie pour l\u2019enfant sont propos\u00e9es <strong>\u00e0 partir de 4 \/ 5 ans<\/strong>, avec une approche adapt\u00e9e \u00e0 son \u00e2ge.<\/a><\/li>\n<\/ul>\n<\/div>\n<\/div><\/div>\n\n\n\n<div style=\"height:32px\" aria-hidden=\"true\" class=\"wp-block-spacer\"><\/div>\n\n\n\n<h2 class=\"wp-block-heading\">Pourquoi cet accompagnement ?<\/h2>\n\n\n\n<h3 class=\"wp-block-heading\">la sophrologie pour bebe et son sommeil<\/h3>\n\n\n\n<p>Les premiers mois apr\u00e8s la naissance bouleversent souvent le quotidien. Fatigue, rythmes de sommeil changeants, doutes, tensions ou sensations d\u2019\u00eatre d\u00e9pass\u00e9e peuvent s\u2019installer. <a href=\"https:\/\/www.medoucine.com\/pratiques\/sophrologie\/bebe?\">La sophrologie<\/a> offre des outils simples de <strong>respiration, de d\u00e9tente corporelle et de conscience sensorielle<\/strong>, \u00e0 utiliser avec votre b\u00e9b\u00e9 \u00e0 vos c\u00f4t\u00e9s.<\/p>\n\n\n\n<p><a href=\"https:\/\/melodienallet-sophrologue.fr\/news-7928-sophrologie-et-bebes-accompagner-le-developpement-et-les-emotions-des-la-naissance?\">En sophrologie<\/a>, <strong>l\u2019\u00e9tat \u00e9motionnel du parent influence directement le bien-\u00eatre du nourrisson<\/strong>. Un parent apais\u00e9 favorise naturellement un climat de s\u00e9curit\u00e9 qui aide \u00e0 r\u00e9duire l\u2019agitation, \u00e0 structurer le sommeil et \u00e0 renforcer le lien affectif.<\/p>\n\n\n\n<div style=\"height:41px\" aria-hidden=\"true\" class=\"wp-block-spacer\"><\/div>\n\n\n\n<h2 class=\"wp-block-heading\" id=\"seance\">Comment se d\u00e9roule une s\u00e9ance maman et nourrisson ?<\/h2>\n\n\n\n<p>Chaque s\u00e9ance commence par un temps d\u2019\u00e9change pour identifier <strong>vos besoins du moment<\/strong> : gestion du stress, fatigue, sommeil ou adaptation \u00e0 la vie avec b\u00e9b\u00e9. Ensuite, je vous accompagne dans des exercices de <strong>respiration guid\u00e9e, relaxation douce et visualisations positives<\/strong>, adapt\u00e9s \u00e0 votre rythme et \u00e0 celui de votre enfant.<\/p>\n\n\n\n<p>Votre nourrisson peut \u00eatre pr\u00e9sent :<\/p>\n\n\n\n<ul class=\"wp-block-list\">\n<li>paisible \u00e0 vos c\u00f4t\u00e9s sur un tapis,<\/li>\n\n\n\n<li>endormi contre vous, en peau \u00e0 peau, \u00e0 se faire nourrir, \u00e0 se faire\u00a0<a href=\"https:\/\/voix-des-sens.fr\/index.php\/sophrologie-allaitement\/\">allaiter<\/a>.<\/li>\n<\/ul>\n\n\n\n<p>L\u2019objectif n\u2019est pas de \u00ab travailler \u00bb sur le b\u00e9b\u00e9, mais de <strong>faire vivre au parent un moment apaisant<\/strong>. Moment que le b\u00e9b\u00e9 ressent \u00e0 travers le contact, la voix et l\u2019\u00e9tat d\u2019esprit calme de la s\u00e9ance.<\/p>\n\n\n\n<div style=\"height:35px\" aria-hidden=\"true\" class=\"wp-block-spacer\"><\/div>\n\n\n\n<h2 class=\"wp-block-heading\" id=\"benefices\">Les b\u00e9n\u00e9fices concrets<\/h2>\n\n\n\n<ul class=\"wp-block-list\">\n<li>Se <strong>reconnecter \u00e0 son corps et ses sensations,<\/strong><\/li>\n\n\n\n<li>G\u00e9rer plus sereinement <strong>les tensions<\/strong> physiques et \u00e9motionnelles,<\/li>\n\n\n\n<li>Favoriser un <strong>\u00e9tat de calme<\/strong> propice au sommeil,<\/li>\n\n\n\n<li>D\u00e9velopper une <strong>relation harmonieuse<\/strong> avec votre b\u00e9b\u00e9,<\/li>\n\n\n\n<li>Reprendre confiance dans son<strong> r\u00f4le de parent<\/strong>.<\/li>\n<\/ul>\n\n\n\n<p>Ces b\u00e9n\u00e9fices viendront <strong>influencer votre quotidien de parent<\/strong>, notamment dans les p\u00e9riodes de <strong>fatigue<\/strong>, d\u2019\u00e9veil nocturne &#8230; Et la sophrologie viendra influencer indirectement votre b\u00e9b\u00e9 dans son sommeil.<\/p>\n\n\n\n<div style=\"height:42px\" aria-hidden=\"true\" class=\"wp-block-spacer\"><\/div>\n\n\n\n<h2 class=\"wp-block-heading\" id=\"enfants\">Et apr\u00e8s ? Accompagnement pour les enfants d\u00e8s 4 \/ 5 ans<\/h2>\n\n\n\n<p>Lorsque l\u2019enfant grandit et que d\u2019autres besoins \u00e9mergent : gestion du stress, confiance en soi, concentration ou sommeil <strong data-start=\"3055\" data-end=\"3081\">chez l\u2019enfant lui-m\u00eame<\/strong>, des <a href=\"https:\/\/voix-des-sens.fr\/index.php\/la-sophrologie-pour-les-enfants\/\">s\u00e9ances de sophrologie<\/a> <strong data-start=\"3111\" data-end=\"3158\">adapt\u00e9es aux enfants \u00e0 partir de 4 ou 5 ans<\/strong> sont propos\u00e9es. Elles s\u2019appuient sur des exercices ludiques, faciles \u00e0 refaire \u00e0 la maison, pour <strong>r\u00e9guler ses \u00e9motions<\/strong> et apprendre \u00e0 calmer son corps naturellement.<\/p>\n\n\n\n<div style=\"height:34px\" aria-hidden=\"true\" class=\"wp-block-spacer\"><\/div>\n\n\n\n<h2 class=\"wp-block-heading\">Pour qui ?<\/h2>\n\n\n\n<ul class=\"wp-block-list\">\n<li>Les jeunes parents qui souhaitent vivre <strong>un accompagnement en pr\u00e9sence de leur nourrisson,<\/strong><\/li>\n\n\n\n<li>Les mamans (ou papas) en post-partum souhaitant trouver <strong>un \u00e9quilibre entre leurs besoins et ceux de leur b\u00e9b\u00e9<\/strong><\/li>\n\n\n\n<li>Les familles souhaitant <strong>instaurer une ambiance apais\u00e9e autour du sommeil<\/strong> et des routines quotidiennes<\/li>\n<\/ul>\n\n\n\n<hr class=\"wp-block-separator has-alpha-channel-opacity\"\/>\n\n\n\n<div style=\"height:36px\" aria-hidden=\"true\" class=\"wp-block-spacer\"><\/div>\n\n\n\n<h2 class=\"wp-block-heading has-text-align-center\">Pour conclure<\/h2>\n\n\n\n<p>La sophrologie avec b\u00e9b\u00e9 est un <strong>accompagnement global, centr\u00e9e sur le parent<\/strong> et le lien qu\u2019il tisse avec son nourrisson. En prenant soin de vous, en apprenant \u00e0 vous \u00e9couter et \u00e0 vous apaiser, vous <strong>offrez \u00e0 votre b\u00e9b\u00e9 un environnement plus calme et s\u00e9curisant.<\/strong> Cet accompagnement soutient les premiers mois de vie, favorise une relation harmonieuse et pose des bases solides pour la suite du d\u00e9veloppement de l\u2019enfant.<\/p>\n\n\n\n<hr class=\"wp-block-separator has-alpha-channel-opacity\"\/>\n\n\n\n<div class=\"wp-block-group is-vertical is-content-justification-center is-layout-flex wp-container-core-group-is-layout-73a99bce wp-block-group-is-layout-flex\">\n<p class=\"has-text-align-center\"><strong>Marion PIETRZAK<\/strong> sophrologue <\/p>\n\n\n\n<p class=\"has-text-align-center\">Cabinet VOIX DES SENS sur Geneston<\/p>\n\n\n\n<ul class=\"wp-block-social-links is-layout-flex wp-block-social-links-is-layout-flex\"><li class=\"wp-social-link wp-social-link-instagram  wp-block-social-link\"><a href=\"https:\/\/www.instagram.com\/voix.des.sens\/?utm_source=qr&#038;igshid=MThlNWY1MzQwNA%3D%3D\" class=\"wp-block-social-link-anchor\"><svg width=\"24\" height=\"24\" viewBox=\"0 0 24 24\" version=\"1.1\" xmlns=\"http:\/\/www.w3.org\/2000\/svg\" aria-hidden=\"true\" focusable=\"false\"><path d=\"M12,4.622c2.403,0,2.688,0.009,3.637,0.052c0.877,0.04,1.354,0.187,1.671,0.31c0.42,0.163,0.72,0.358,1.035,0.673 c0.315,0.315,0.51,0.615,0.673,1.035c0.123,0.317,0.27,0.794,0.31,1.671c0.043,0.949,0.052,1.234,0.052,3.637 s-0.009,2.688-0.052,3.637c-0.04,0.877-0.187,1.354-0.31,1.671c-0.163,0.42-0.358,0.72-0.673,1.035 c-0.315,0.315-0.615,0.51-1.035,0.673c-0.317,0.123-0.794,0.27-1.671,0.31c-0.949,0.043-1.233,0.052-3.637,0.052 s-2.688-0.009-3.637-0.052c-0.877-0.04-1.354-0.187-1.671-0.31c-0.42-0.163-0.72-0.358-1.035-0.673 c-0.315-0.315-0.51-0.615-0.673-1.035c-0.123-0.317-0.27-0.794-0.31-1.671C4.631,14.688,4.622,14.403,4.622,12 s0.009-2.688,0.052-3.637c0.04-0.877,0.187-1.354,0.31-1.671c0.163-0.42,0.358-0.72,0.673-1.035 c0.315-0.315,0.615-0.51,1.035-0.673c0.317-0.123,0.794-0.27,1.671-0.31C9.312,4.631,9.597,4.622,12,4.622 M12,3 C9.556,3,9.249,3.01,8.289,3.054C7.331,3.098,6.677,3.25,6.105,3.472C5.513,3.702,5.011,4.01,4.511,4.511 c-0.5,0.5-0.808,1.002-1.038,1.594C3.25,6.677,3.098,7.331,3.054,8.289C3.01,9.249,3,9.556,3,12c0,2.444,0.01,2.751,0.054,3.711 c0.044,0.958,0.196,1.612,0.418,2.185c0.23,0.592,0.538,1.094,1.038,1.594c0.5,0.5,1.002,0.808,1.594,1.038 c0.572,0.222,1.227,0.375,2.185,0.418C9.249,20.99,9.556,21,12,21s2.751-0.01,3.711-0.054c0.958-0.044,1.612-0.196,2.185-0.418 c0.592-0.23,1.094-0.538,1.594-1.038c0.5-0.5,0.808-1.002,1.038-1.594c0.222-0.572,0.375-1.227,0.418-2.185 C20.99,14.751,21,14.444,21,12s-0.01-2.751-0.054-3.711c-0.044-0.958-0.196-1.612-0.418-2.185c-0.23-0.592-0.538-1.094-1.038-1.594 c-0.5-0.5-1.002-0.808-1.594-1.038c-0.572-0.222-1.227-0.375-2.185-0.418C14.751,3.01,14.444,3,12,3L12,3z M12,7.378 c-2.552,0-4.622,2.069-4.622,4.622S9.448,16.622,12,16.622s4.622-2.069,4.622-4.622S14.552,7.378,12,7.378z M12,15 c-1.657,0-3-1.343-3-3s1.343-3,3-3s3,1.343,3,3S13.657,15,12,15z M16.804,6.116c-0.596,0-1.08,0.484-1.08,1.08 s0.484,1.08,1.08,1.08c0.596,0,1.08-0.484,1.08-1.08S17.401,6.116,16.804,6.116z\"><\/path><\/svg><span class=\"wp-block-social-link-label screen-reader-text\">Instagram<\/span><\/a><\/li>\n\n<li class=\"wp-social-link wp-social-link-facebook  wp-block-social-link\"><a href=\"https:\/\/www.facebook.com\/profile.php?viewas=100000686899395&#038;id=61556635996207\" class=\"wp-block-social-link-anchor\"><svg width=\"24\" height=\"24\" viewBox=\"0 0 24 24\" version=\"1.1\" xmlns=\"http:\/\/www.w3.org\/2000\/svg\" aria-hidden=\"true\" focusable=\"false\"><path d=\"M12 2C6.5 2 2 6.5 2 12c0 5 3.7 9.1 8.4 9.9v-7H7.9V12h2.5V9.8c0-2.5 1.5-3.9 3.8-3.9 1.1 0 2.2.2 2.2.2v2.5h-1.3c-1.2 0-1.6.8-1.6 1.6V12h2.8l-.4 2.9h-2.3v7C18.3 21.1 22 17 22 12c0-5.5-4.5-10-10-10z\"><\/path><\/svg><span class=\"wp-block-social-link-label screen-reader-text\">Facebook<\/span><\/a><\/li>\n\n<li class=\"wp-social-link wp-social-link-youtube  wp-block-social-link\"><a href=\"https:\/\/www.youtube.com\/@voix-des-sens\" class=\"wp-block-social-link-anchor\"><svg width=\"24\" height=\"24\" viewBox=\"0 0 24 24\" version=\"1.1\" xmlns=\"http:\/\/www.w3.org\/2000\/svg\" aria-hidden=\"true\" focusable=\"false\"><path d=\"M21.8,8.001c0,0-0.195-1.378-0.795-1.985c-0.76-0.797-1.613-0.801-2.004-0.847c-2.799-0.202-6.997-0.202-6.997-0.202 h-0.009c0,0-4.198,0-6.997,0.202C4.608,5.216,3.756,5.22,2.995,6.016C2.395,6.623,2.2,8.001,2.2,8.001S2,9.62,2,11.238v1.517 c0,1.618,0.2,3.237,0.2,3.237s0.195,1.378,0.795,1.985c0.761,0.797,1.76,0.771,2.205,0.855c1.6,0.153,6.8,0.201,6.8,0.201 s4.203-0.006,7.001-0.209c0.391-0.047,1.243-0.051,2.004-0.847c0.6-0.607,0.795-1.985,0.795-1.985s0.2-1.618,0.2-3.237v-1.517 C22,9.62,21.8,8.001,21.8,8.001z M9.935,14.594l-0.001-5.62l5.404,2.82L9.935,14.594z\"><\/path><\/svg><span class=\"wp-block-social-link-label screen-reader-text\">YouTube<\/span><\/a><\/li><\/ul>\n<\/div>\n","protected":false},"excerpt":{"rendered":"<p>Sophrologie pour mamans et nourrissons : apaiser b\u00e9b\u00e9 et retrouver un sommeil plus serein La sophrologie ne s\u2019adresse pas directement au b\u00e9b\u00e9, mais \u00e0 la maman (ou au parent) en pr\u00e9sence de son nourrisson, dans un cadre bienveillant et respectueux du rythme de chacun. Cette approche vise \u00e0 favoriser l\u2019apaisement du parent, d\u00e9velopper une pr\u00e9sence&hellip;&nbsp;<a href=\"https:\/\/voix-des-sens.fr\/index.php\/sophrologie-bebe-sommeil\/\" class=\"\" rel=\"bookmark\">Lire la suite &raquo;<span class=\"screen-reader-text\">Sophrologie pour mamans et nourrissons : apaiser b\u00e9b\u00e9 et retrouver un sommeil plus serein<\/span><\/a><\/p>\n","protected":false},"author":1,"featured_media":0,"parent":0,"menu_order":0,"comment_status":"closed","ping_status":"closed","template":"","meta":{"neve_meta_sidebar":"","neve_meta_container":"","neve_meta_enable_content_width":"","neve_meta_content_width":0,"neve_meta_title_alignment":"","neve_meta_author_avatar":"","neve_post_elements_order":"","neve_meta_disable_header":"","neve_meta_disable_footer":"","neve_meta_disable_title":"on","footnotes":""},"class_list":["post-6678","page","type-page","status-publish","hentry"],"yoast_head":"<!-- This site is optimized with the Yoast SEO plugin v26.8 - https:\/\/yoast.com\/product\/yoast-seo-wordpress\/ -->\n<title>Sophrologie b\u00e9b\u00e9 et son sommeil | S\u00e9ances maman &amp; nourrisson<\/title>\n<meta name=\"description\" content=\"Apaiser le sommeil de votre b\u00e9b\u00e9 gr\u00e2ce \u00e0 la sophrologie. S\u00e9ances avec la maman et le nourrisson pour favoriser calme, lien et s\u00e9r\u00e9nit\u00e9.\" \/>\n<meta name=\"robots\" content=\"index, follow, max-snippet:-1, max-image-preview:large, max-video-preview:-1\" \/>\n<link rel=\"canonical\" href=\"https:\/\/voix-des-sens.fr\/index.php\/sophrologie-bebe-sommeil\/\" \/>\n<meta property=\"og:locale\" content=\"fr_FR\" \/>\n<meta property=\"og:type\" content=\"article\" \/>\n<meta property=\"og:title\" content=\"Sophrologie b\u00e9b\u00e9 et son sommeil | S\u00e9ances maman &amp; nourrisson\" \/>\n<meta property=\"og:description\" content=\"Apaiser le sommeil de votre b\u00e9b\u00e9 gr\u00e2ce \u00e0 la sophrologie. S\u00e9ances avec la maman et le nourrisson pour favoriser calme, lien et s\u00e9r\u00e9nit\u00e9.\" \/>\n<meta property=\"og:url\" content=\"https:\/\/voix-des-sens.fr\/index.php\/sophrologie-bebe-sommeil\/\" \/>\n<meta property=\"og:site_name\" content=\"VOIX DES SENS\" \/>\n<meta property=\"article:publisher\" content=\"https:\/\/www.facebook.com\/profile.php?viewas=100000686899395&amp;id=61556635996207\" \/>\n<meta property=\"article:modified_time\" content=\"2026-03-05T14:52:36+00:00\" \/>\n<meta property=\"og:image\" content=\"https:\/\/voix-des-sens.fr\/wp-content\/uploads\/2025\/12\/MARION-PIETRZAK-SOPHROLOGUE-VOIX-DES-SENS-GENESTON-52-scaled.jpg\" \/>\n\t<meta property=\"og:image:width\" content=\"1707\" \/>\n\t<meta property=\"og:image:height\" content=\"2560\" \/>\n\t<meta property=\"og:image:type\" content=\"image\/jpeg\" \/>\n<meta name=\"twitter:card\" content=\"summary_large_image\" \/>\n<meta name=\"twitter:label1\" content=\"Dur\u00e9e de lecture estim\u00e9e\" \/>\n\t<meta name=\"twitter:data1\" content=\"4 minutes\" \/>\n<script type=\"application\/ld+json\" class=\"yoast-schema-graph\">{\"@context\":\"https:\/\/schema.org\",\"@graph\":[{\"@type\":\"WebPage\",\"@id\":\"https:\/\/voix-des-sens.fr\/index.php\/sophrologie-bebe-sommeil\/\",\"url\":\"https:\/\/voix-des-sens.fr\/index.php\/sophrologie-bebe-sommeil\/\",\"name\":\"Sophrologie b\u00e9b\u00e9 et son sommeil | S\u00e9ances maman & nourrisson\",\"isPartOf\":{\"@id\":\"https:\/\/voix-des-sens.fr\/#website\"},\"primaryImageOfPage\":{\"@id\":\"https:\/\/voix-des-sens.fr\/index.php\/sophrologie-bebe-sommeil\/#primaryimage\"},\"image\":{\"@id\":\"https:\/\/voix-des-sens.fr\/index.php\/sophrologie-bebe-sommeil\/#primaryimage\"},\"thumbnailUrl\":\"https:\/\/voix-des-sens.fr\/wp-content\/uploads\/2025\/12\/MARION-PIETRZAK-SOPHROLOGUE-VOIX-DES-SENS-GENESTON-52-683x1024.jpg\",\"datePublished\":\"2025-12-17T13:52:04+00:00\",\"dateModified\":\"2026-03-05T14:52:36+00:00\",\"description\":\"Apaiser le sommeil de votre b\u00e9b\u00e9 gr\u00e2ce \u00e0 la sophrologie. S\u00e9ances avec la maman et le nourrisson pour favoriser calme, lien et s\u00e9r\u00e9nit\u00e9.\",\"inLanguage\":\"fr-FR\",\"potentialAction\":[{\"@type\":\"ReadAction\",\"target\":[\"https:\/\/voix-des-sens.fr\/index.php\/sophrologie-bebe-sommeil\/\"]}]},{\"@type\":\"ImageObject\",\"inLanguage\":\"fr-FR\",\"@id\":\"https:\/\/voix-des-sens.fr\/index.php\/sophrologie-bebe-sommeil\/#primaryimage\",\"url\":\"https:\/\/voix-des-sens.fr\/wp-content\/uploads\/2025\/12\/MARION-PIETRZAK-SOPHROLOGUE-VOIX-DES-SENS-GENESTON-52-scaled.jpg\",\"contentUrl\":\"https:\/\/voix-des-sens.fr\/wp-content\/uploads\/2025\/12\/MARION-PIETRZAK-SOPHROLOGUE-VOIX-DES-SENS-GENESTON-52-scaled.jpg\",\"width\":1707,\"height\":2560},{\"@type\":\"WebSite\",\"@id\":\"https:\/\/voix-des-sens.fr\/#website\",\"url\":\"https:\/\/voix-des-sens.fr\/\",\"name\":\"VOIX DES SENS\",\"description\":\"\",\"publisher\":{\"@id\":\"https:\/\/voix-des-sens.fr\/#organization\"},\"potentialAction\":[{\"@type\":\"SearchAction\",\"target\":{\"@type\":\"EntryPoint\",\"urlTemplate\":\"https:\/\/voix-des-sens.fr\/?s={search_term_string}\"},\"query-input\":{\"@type\":\"PropertyValueSpecification\",\"valueRequired\":true,\"valueName\":\"search_term_string\"}}],\"inLanguage\":\"fr-FR\"},{\"@type\":\"Organization\",\"@id\":\"https:\/\/voix-des-sens.fr\/#organization\",\"name\":\"VOIX DES SENS\",\"url\":\"https:\/\/voix-des-sens.fr\/\",\"logo\":{\"@type\":\"ImageObject\",\"inLanguage\":\"fr-FR\",\"@id\":\"https:\/\/voix-des-sens.fr\/#\/schema\/logo\/image\/\",\"url\":\"https:\/\/voix-des-sens.fr\/wp-content\/uploads\/2024\/03\/logo_logo-horizontal-baseline-rose-fonce-2.png\",\"contentUrl\":\"https:\/\/voix-des-sens.fr\/wp-content\/uploads\/2024\/03\/logo_logo-horizontal-baseline-rose-fonce-2.png\",\"width\":1334,\"height\":1042,\"caption\":\"VOIX DES SENS\"},\"image\":{\"@id\":\"https:\/\/voix-des-sens.fr\/#\/schema\/logo\/image\/\"},\"sameAs\":[\"https:\/\/www.facebook.com\/profile.php?viewas=100000686899395&id=61556635996207\",\"https:\/\/www.instagram.com\/voix.des.sens\/?utm_source=qr&igshid=MThlNWY1MzQwNA\"]}]}<\/script>\n<!-- \/ Yoast SEO plugin. -->","yoast_head_json":{"title":"Sophrologie b\u00e9b\u00e9 et son sommeil | S\u00e9ances maman & nourrisson","description":"Apaiser le sommeil de votre b\u00e9b\u00e9 gr\u00e2ce \u00e0 la sophrologie. S\u00e9ances avec la maman et le nourrisson pour favoriser calme, lien et s\u00e9r\u00e9nit\u00e9.","robots":{"index":"index","follow":"follow","max-snippet":"max-snippet:-1","max-image-preview":"max-image-preview:large","max-video-preview":"max-video-preview:-1"},"canonical":"https:\/\/voix-des-sens.fr\/index.php\/sophrologie-bebe-sommeil\/","og_locale":"fr_FR","og_type":"article","og_title":"Sophrologie b\u00e9b\u00e9 et son sommeil | S\u00e9ances maman & nourrisson","og_description":"Apaiser le sommeil de votre b\u00e9b\u00e9 gr\u00e2ce \u00e0 la sophrologie. S\u00e9ances avec la maman et le nourrisson pour favoriser calme, lien et s\u00e9r\u00e9nit\u00e9.","og_url":"https:\/\/voix-des-sens.fr\/index.php\/sophrologie-bebe-sommeil\/","og_site_name":"VOIX DES SENS","article_publisher":"https:\/\/www.facebook.com\/profile.php?viewas=100000686899395&id=61556635996207","article_modified_time":"2026-03-05T14:52:36+00:00","og_image":[{"width":1707,"height":2560,"url":"https:\/\/voix-des-sens.fr\/wp-content\/uploads\/2025\/12\/MARION-PIETRZAK-SOPHROLOGUE-VOIX-DES-SENS-GENESTON-52-scaled.jpg","type":"image\/jpeg"}],"twitter_card":"summary_large_image","twitter_misc":{"Dur\u00e9e de lecture estim\u00e9e":"4 minutes"},"schema":{"@context":"https:\/\/schema.org","@graph":[{"@type":"WebPage","@id":"https:\/\/voix-des-sens.fr\/index.php\/sophrologie-bebe-sommeil\/","url":"https:\/\/voix-des-sens.fr\/index.php\/sophrologie-bebe-sommeil\/","name":"Sophrologie b\u00e9b\u00e9 et son sommeil | S\u00e9ances maman & nourrisson","isPartOf":{"@id":"https:\/\/voix-des-sens.fr\/#website"},"primaryImageOfPage":{"@id":"https:\/\/voix-des-sens.fr\/index.php\/sophrologie-bebe-sommeil\/#primaryimage"},"image":{"@id":"https:\/\/voix-des-sens.fr\/index.php\/sophrologie-bebe-sommeil\/#primaryimage"},"thumbnailUrl":"https:\/\/voix-des-sens.fr\/wp-content\/uploads\/2025\/12\/MARION-PIETRZAK-SOPHROLOGUE-VOIX-DES-SENS-GENESTON-52-683x1024.jpg","datePublished":"2025-12-17T13:52:04+00:00","dateModified":"2026-03-05T14:52:36+00:00","description":"Apaiser le sommeil de votre b\u00e9b\u00e9 gr\u00e2ce \u00e0 la sophrologie. S\u00e9ances avec la maman et le nourrisson pour favoriser calme, lien et s\u00e9r\u00e9nit\u00e9.","inLanguage":"fr-FR","potentialAction":[{"@type":"ReadAction","target":["https:\/\/voix-des-sens.fr\/index.php\/sophrologie-bebe-sommeil\/"]}]},{"@type":"ImageObject","inLanguage":"fr-FR","@id":"https:\/\/voix-des-sens.fr\/index.php\/sophrologie-bebe-sommeil\/#primaryimage","url":"https:\/\/voix-des-sens.fr\/wp-content\/uploads\/2025\/12\/MARION-PIETRZAK-SOPHROLOGUE-VOIX-DES-SENS-GENESTON-52-scaled.jpg","contentUrl":"https:\/\/voix-des-sens.fr\/wp-content\/uploads\/2025\/12\/MARION-PIETRZAK-SOPHROLOGUE-VOIX-DES-SENS-GENESTON-52-scaled.jpg","width":1707,"height":2560},{"@type":"WebSite","@id":"https:\/\/voix-des-sens.fr\/#website","url":"https:\/\/voix-des-sens.fr\/","name":"VOIX DES SENS","description":"","publisher":{"@id":"https:\/\/voix-des-sens.fr\/#organization"},"potentialAction":[{"@type":"SearchAction","target":{"@type":"EntryPoint","urlTemplate":"https:\/\/voix-des-sens.fr\/?s={search_term_string}"},"query-input":{"@type":"PropertyValueSpecification","valueRequired":true,"valueName":"search_term_string"}}],"inLanguage":"fr-FR"},{"@type":"Organization","@id":"https:\/\/voix-des-sens.fr\/#organization","name":"VOIX DES SENS","url":"https:\/\/voix-des-sens.fr\/","logo":{"@type":"ImageObject","inLanguage":"fr-FR","@id":"https:\/\/voix-des-sens.fr\/#\/schema\/logo\/image\/","url":"https:\/\/voix-des-sens.fr\/wp-content\/uploads\/2024\/03\/logo_logo-horizontal-baseline-rose-fonce-2.png","contentUrl":"https:\/\/voix-des-sens.fr\/wp-content\/uploads\/2024\/03\/logo_logo-horizontal-baseline-rose-fonce-2.png","width":1334,"height":1042,"caption":"VOIX DES SENS"},"image":{"@id":"https:\/\/voix-des-sens.fr\/#\/schema\/logo\/image\/"},"sameAs":["https:\/\/www.facebook.com\/profile.php?viewas=100000686899395&id=61556635996207","https:\/\/www.instagram.com\/voix.des.sens\/?utm_source=qr&igshid=MThlNWY1MzQwNA"]}]}},"_links":{"self":[{"href":"https:\/\/voix-des-sens.fr\/index.php\/wp-json\/wp\/v2\/pages\/6678","targetHints":{"allow":["GET"]}}],"collection":[{"href":"https:\/\/voix-des-sens.fr\/index.php\/wp-json\/wp\/v2\/pages"}],"about":[{"href":"https:\/\/voix-des-sens.fr\/index.php\/wp-json\/wp\/v2\/types\/page"}],"author":[{"embeddable":true,"href":"https:\/\/voix-des-sens.fr\/index.php\/wp-json\/wp\/v2\/users\/1"}],"replies":[{"embeddable":true,"href":"https:\/\/voix-des-sens.fr\/index.php\/wp-json\/wp\/v2\/comments?post=6678"}],"version-history":[{"count":7,"href":"https:\/\/voix-des-sens.fr\/index.php\/wp-json\/wp\/v2\/pages\/6678\/revisions"}],"predecessor-version":[{"id":7170,"href":"https:\/\/voix-des-sens.fr\/index.php\/wp-json\/wp\/v2\/pages\/6678\/revisions\/7170"}],"wp:attachment":[{"href":"https:\/\/voix-des-sens.fr\/index.php\/wp-json\/wp\/v2\/media?parent=6678"}],"curies":[{"name":"wp","href":"https:\/\/api.w.org\/{rel}","templated":true}]}}